0 - -18594. Let c(r) = r**3 + 3*r**2 - 7*r + 5. What is c(z)?
89
Let m(i) = -90*i - 88*i + 2*i**3 + 9 + 177*i + 9*i**2 - i**3. Give m(-9).
18
Let w(p) = p**3 - 9*p**2 - 15*p + 24. Let t be w(10). Let u be (t/(-8))/(-13) - (-18)/8. Let x(a) = a**2 - a. Calculate x(u).
2
Let c(p) = p - 16. Let s be c(24). Let a(v) = v**2 - 5*v - 17. Let y be a(s). Let t(j) = 3*j**3 + 4*j**3 - 8*j**2 - y - j - 6*j**3. Give t(8).
-15
Let y(d) = -5*d + 1. Let j = 484 + 7. Let q = 492 - j. Determine y(q).
-4
Let i(r) = -r**2 - 29*r - 205. Let h be i(-10). Let j(a) = -a - 16. Determine j(h).
-1
Let m(c) = -51*c + 1. Let w(v) = -59*v + 2. Let k(b) = 6*m(b) - 5*w(b). What is k(-1)?
7
Let d(k) = 22 - 3*k - 117 + 55. Give d(-9).
-13
Let d(k) be the second derivative of 0 + 1/6*k**3 - 86*k + 3/2*k**2. Suppose 4*z + 7 = 2*w + 23, 3*w + z - 4 = 0. What is d(w)?
3
Let m(g) = -16*g**2 + 333*g + 66. Let c be m(21). Let o(r) = -3*r**2 + 5*r - 9. Calculate o(c).
-21
Let i(u) = -u + 4. Suppose -f = f. Let c be i(f). Let y(m) = -11*m - 105. Let s(k) = -2*k - 17. Let o(n) = -6*s(n) + y(n). Determine o(c).
1
Let a be (-4 - 9/((-756)/328)) + (-20)/(-210). Let v(o) = o**2 - 4. Calculate v(a).
-4
Let y(q) = -3*q + 17. Let j(c) = -4*c + 21. Suppose -11 = -10*b - 61. Let g(k) = b*y(k) + 4*j(k). Calculate g(5).
-6
Let h(o) = 16*o - 7. Let f be h(-4). Let k = -57 - f. Suppose -42 = 4*a - k. Let g(x) = -x**2 - 7*x. Determine g(a).
0
Let c(u) be the first derivative of -u**3/3 + 111*u + 4557. Calculate c(0).
111
Let h = -249 + -20. Let b = h + 495. Let o(y) = b - 226 - 8*y. Give o(2).
-16
Let y(l) = -5*l + 187. Let u be y(37). Let o(t) = -14*t + 0*t**u + 14*t - 1 + 5*t - t**2 + 6. Determine o(5).
5
Let g(v) = v**2 + 6*v + 6. Suppose 19*h = 86 + 28. Let w be ((-44)/33)/(2/h). Give g(w).
-2
Let a(m) = 12 + m**3 + 5*m + 8 + 3*m**2 + 6 - 4*m - 27. Calculate a(-1).
0
Let t(z) = -z**3 + 6*z**2 - 3*z + 4. Suppose -32*s = 13*s - 1800. Suppose -f = -9*f + s. Determine t(f).
14
Let f(n) = -n**2 + 8*n - 6. Let z be f(6). Let l = 1679 + -1674. Let h(j) = -l + 10 - 22*j + 9*j - 4*j**2 + 5*j**2 + 4*j. Calculate h(z).
-13
Let t(v) be the third derivative of -v**4/24 + 2*v**3/3 + 156*v**2. Let s be (28/(-3))/((-4)/6). Let y be (-12)/28 - (-90)/s. Determine t(y).
-2
Let c(z) = 195*z**3 + 20*z + 21*z**2 + 126 - 194*z**3 - 122. Calculate c(-20).
4
Let j be ((-63)/(-28))/((-1)/(-4)). Let o(i) = -9*i - 929 - 2*i + i**2 + 942 + i. What is o(j)?
4
Let y(x) be the third derivative of -x**6/120 - 7*x**5/60 - 5*x**4/12 - 11*x**3 + 8*x**2 - 8*x. Let w be y(-7). Let z(h) = -2*h - h + 2*h. What is z(w)?
-4
Let l(t) = 8*t - 17. Suppose 18*y = 21*y + 5*x + 19, -2*y - 1 = x. Give l(y).
-1
Let c(n) = -148*n**2 + 141*n**2 + 45 + 5*n - 42 + 2*n**3. What is c(4)?
39
Let v(h) = 14*h - 5. Let t(s) = 16*s - 5. Suppose -4*u + 2*k = -26, 34 = 5*u - k - 3*k. Let g(b) = u*t(b) - 7*v(b). Give g(6).
-7
Let v(n) = -n**2 - 5*n + 3. Let j(a) = -59 + 62 - 15*a - 2*a**2 + 18*a. Let k be j(0). Determine v(k).
-21
Let g(c) = -c + 5*c**2 - 2 + c**3 - 4 - c + 0*c. Suppose 2*k + 4*i - 162 = 0, -71 = 5*k + 2*i - 436. Let p = k + -76. Determine g(p).
4
Let v(y) be the first derivative of -y**4/4 + 2*y**3 - 3*y + 277. Suppose -30*n + 22*n + 40 = 0. What is v(n)?
22
Let f(l) be the first derivative of 11*l**4/4 + 3*l**3 - 7*l**2/2 + 14*l + 50. Let s(j) = -13*j**3 - 10*j**2 + 8*j - 15. Let x(z) = 6*f(z) + 5*s(z). Give x(-5).
-6
Let a(q) = q**2 - 2*q + 13. Let n = -4401 + 4395. Give a(n).
61
Let w(p) = -p**2 - 6*p - 87. Let i(h) = -h**2 + 2*h - 30. Let f(x) = -4*i(x) + w(x). What is f(4)?
25
Let d(t) = t**2 + t + 1. Suppose -7*z + 5*z + 32 = 0. Suppose z*f - 9*f + 14 = 0. Calculate d(f).
3
Let z(q) = -193*q**3 + 2*q**2 - 8*q - 9. Let i be z(-1). Let l(g) = g**3 - i*g**2 + 2 - 6*g + 191*g**2 + 0. Let m be (16/(-2))/2*-1. What is l(m)?
-6
Suppose -107*m - 140 = -117*m. Let d(a) = a**3 - 14*a**2 + a + 4. Give d(m).
18
Let q(c) = -175 - 3*c**2 + 1586*c**3 - 22*c + 192 + 15*c**2 - 1587*c**3. What is q(10)?
-3
Suppose -2*x = -29 - 85. Let h(v) = x*v**2 - 18*v**2 - 14*v**2 - 12*v**2. Give h(-1).
13
Let i = -29 - 67. Let a = -95 - i. Let g(s) = -1 - 4*s + 3*s - 5*s. What is g(a)?
-7
Let b = 34 - 37. Let f be (-4)/(28/b) - (-45)/(-7). Let o(m) = -m**3 - 5*m**2 + 6*m - 5. Calculate o(f).
-5
Let p(i) = -i**2 + 12*i + 4. Let j = 397 - 394. Suppose j*a - 40 + 10 = 0. What is p(a)?
24
Let l = -4 - -9. Let f(s) = -2 - 5*s + 9 + 0 - 10 + 11*s. Give f(l).
27
Suppose -q = -3 - 4. Suppose 2*n + 5 = q. Let r(s) = -242 - 3*s + 0*s + s - 17*s**2 + 243. Calculate r(n).
-18
Let w(k) = -1 + 2 - k + 0*k. Let f = -311536 + 311528. Determine w(f).
9
Let m(c) = 6*c + 1. Suppose 5*l = -3*g - 234, 6*l - 5*l + 5*g + 38 = 0. Let i = -45 - l. What is m(i)?
19
Let k(u) = u**3 + 5*u**2 + 13. Let x be (-12)/3 + -1 + 5 + 1 + -6. What is k(x)?
13
Suppose 0 = 168*b - 167*b + 3. Let x(i) be the first derivative of -i**4/6 - i**3/3 + i**2 + 8*i + 10. Let y(s) be the first derivative of x(s). Calculate y(b).
-10
Let g(w) = -2*w**3 - 10*w**2 + 3*w + 5. Let x(s) = s**3 + 9*s**2 - 4*s - 6. Let a(j) = -2*g(j) - 3*x(j). Suppose 5*u = 209 - 179. What is a(u)?
8
Let v(r) be the third derivative of r**4/12 - r**3/2 + r**2. Let i(d) = 12*d - 81. Let y = -95 - -102. Let c be i(y). Give v(c).
3
Suppose -66*h + 30*h = 0. Let y(w) = -2*w**2 - 93. Determine y(h).
-93
Let k(i) = -i**2 - 6*i + 6. Let w(c) = -2*c**2 - 10*c + 9. Suppose 0 = 14*o - 10*o + 20. Let a be w(o). Suppose 3*z - 2*l = 4*z, -l = -z - a. Calculate k(z).
6
Suppose -384 = -151*m + 522 - 0. Let n(u) = 5*u - 9. Let p(o) = 5*o - 9. Let l(v) = -3*n(v) + 4*p(v). Determine l(m).
21
Let q(k) = -3*k. Let f(n) = -n**3 - 3*n**2 + 20*n + 68. Let v be f(-4). Calculate q(v).
-12
Suppose -4*y = 594*q - 593*q - 17, 3*y - 42 = -3*q. Let s(j) = -j**3 + 10*j**2 + 38*j + 27. Give s(q).
14
Let u = 11 - 5. Let y(g) = -138 + 8*g + 136 - 7*g + 0*g. Calculate y(u).
4
Let x(q) = -11*q**2 - 15*q - 5. Let s(g) = 5*g**2 + 7*g + 2. Suppose 4*z + 25 = 7*z + p, 5*z + 2*p - 41 = 0. Let l(c) = z*s(c) + 4*x(c). Calculate l(-6).
16
Suppose -130*v = -171*v - 82. Let l(m) = 4 + m**2 + m**2 + 3 - 3 + 2*m. Determine l(v).
8
Suppose 0 = -5*y + 2*y + 39. Suppose 2*r - 11 = d, -7*d + 4*d - y = -r. Let x(p) = 38*p - 21. Let j(i) = 20*i - 11. Let c(b) = -11*j(b) + 6*x(b). What is c(r)?
27
Suppose 3*v = -15 + 6, -v = -m + 2. Let h(a) = a**3 - a + 1. Let u be h(0). Let n be 3 + u/(m + -1)*12. Let y(g) = -g**2 + g - 1. Give y(n).
-13
Let x(f) = -2*f + 13. Let l(o) = -o + 7. Let g(j) = 7*l(j) - 4*x(j). Let s be ((12/(-15))/(-2))/((-18)/225). What is g(s)?
-8
Let t(i) = 112*i**2 - 337*i + 2. Let f be t(3). Let g(a) = 11*a**3 - a**2 + 3*a + 4. Calculate g(f).
-11
Let u(d) = -d**3 - 6*d**2 + 4*d + 6. Suppose 6 = -8*a + 9*a. Suppose 0 = -a*f + 2*f - 28. Calculate u(f).
27
Suppose -2*l - 2*h - 2 = 0, -3*l + 0*l - 9 = 5*h. Suppose 0 = 2*f + 2*b + 6, -4 + 0 = l*b. Let c(a) = 10*a**3 + 2*a**2 + 2*a + 1. Give c(f).
-9
Let p(o) = -o**3 + 5*o**2 - 2*o - 3. Suppose -2*z = 6, -4*y = -5*y - z + 47. Suppose 25*k = 15*k + y. Calculate p(k).
-13
Let u(t) = -t - 6. Suppose -4*z - 26 = n, 0 = 3*n - 4*z - 9 + 7. Let a(o) be the second derivative of -o**2/2 + o. Let s(q) = n*a(q) + u(q). Calculate s(-1).
1
Let k(t) = 10 + t - 91*t**2 - t**3 + 99*t**2 - 23*t**2. Give k(-15).
-5
Let g(k) = 3*k**3 + 10*k**2 - 10*k - 6. Let i(o) = 10*o**3 + 34*o**2 - 32*o - 18. Let v(y) = 7*g(y) - 2*i(y). Let q = 327 - 331. Give v(q).
-14
Let q(y) = 17*y - 57. Let a(o) = 25*o - 82. Let n(c) = 5*a(c) - 7*q(c). Determine n(-13).
-89
Let c(b) = 9 - 5 + 4 - 3 - 2*b - 6. Let h be -1 + (-53)/(-11) + 26/143. Determine c(h).
-9
Let b(z) = 2*z**2 - 141*z + 996. Let w be b(8). Let m(s) = -21*s**2 - 78*s + 20. Calculate m(w).
-4
Let w(d) = -8*d - 6. Let y(o) = 4*o + 3. Let n(k) = 3*w(k) + 5*y(k). Suppose -3*r = 14 - 8. Calculate n(r).
5
Let a = -785 - -788. Suppose -2*t + d = -9, 3*t + a*d - d = 3. Let m(w) = 2*w**2 - 6*w + 5. Determine m(t).
5
Let p(j) = j**3 + 4*j**2 - 6*j - 10. Let l = -1523 - -1518. What is p(l)?
-5
Let a(v) be the third derivative of v**6/120 + v**5/6 - v**4/3 - 5*v**3/3 + 2*v**2 + 119*v + 2. Give a(-11).
-43
Let v be -3 - 11/(66/42). Let m(o) = 7*o + 28. Let a be -2 - 2/(2/1). Let w(t) = 4*t + 14. Let y(p) = a*m